 = t. Let j(x) = x**2 - 2*x + 3. What is j(m)?
3
Let p = -15 - -9. Let i = 69 + -70. Let u(m) = -m**2 - 4*m - 2. Let k(j) = j. Let y(x) = i*k(x) + u(x). What is y(p)?
-8
Suppose 0 = -4*x + 74 - 30. Suppose x*p - 9*p = 28. Let j(u) = -2*u**2 + 13 + 3*u + p - 43 + 15. Give j(2).
-3
Suppose 36 = -0*y + 4*y + 2*v, -4*y + v + 48 = 0. Suppose y*j - 40 = -139. Let g(w) = 2*w + 17. Calculate g(j).
-1
Let h(t) = 5*t**2 + 21*t - 4. Suppose 0 = 11*o + 39 + 5. Let n be h(o). Let j(l) = l**2 + 10*l + 9. Calculate j(n).
-7
Let j(y) = 615*y - 1838*y + 612*y + 610*y + 5. Determine j(25).
-20
Let y(f) = 6*f**2 - 32*f + 9. Suppose 0 = -1419*r + 1441*r - 110. Calculate y(r).
-1
Let i(w) = -7 + 84*w - 181*w + 86*w - w**2 - 30. Give i(-9).
-19
Let w(g) = -g**2 + g + 49. Suppose -324*c + 2*v = -329*c + 12, -3*c + 18 = 3*v. Determine w(c).
49
Let t = 1 - 7. Let k(j) = -193160 - 2*j + 114*j**2 - 108*j**2 + j**3 + 193158. Determine k(t).
10
Let l(v) = 4*v - 58. Let c be (-30800)/(-800)*4/22. Calculate l(c).
-30
Let y(a) = -a**2 - 7*a + 1. Let l(i) = -45*i + 25. Let g be l(5). Let o be (g/(-120))/(2/(-6)). What is y(o)?
11
Let j(q) = q**2 + q - 1. Suppose 18 + 42 = 5*p. Suppose 5*f = 9*f + p. Give j(f).
5
Suppose 4*z = l + 236, 6*z - 5*l = z + 310. Let f = z + -63. Let b(w) = w**3 + 4*w**2 - 6*w + 1. Let v be b(f). Let t(u) = -u**2 + 6*u - 5. Calculate t(v).
-5
Let m(d) = d**2 + 10*d - 9. Let q(v) = -v**2 + 1. Let y(x) = -m(x) - 2*q(x). Let w be y(9). Let s(l) = 6*l. What is s(w)?
-12
Let z(m) = -m - 32. Suppose -2*w = -2*x + 30, 23*x - 28*x = -w - 39. Calculate z(w).
-23
Let o(q) = -3*q + 17. Let m be o(5). Suppose 2*s - 24 = 6*s + 3*f, -5*s + m*f - 7 = 0. Let a(w) = 8*w. What is a(s)?
-24
Let f(w) be the third derivative of -w**6/120 - 7*w**5/60 + 7*w**4/24 - 3*w**3/2 + 2*w**2 + 405*w - 2. What is f(-7)?
-58
Let r be ((-21)/490)/((-324)/63). Let k(d) be the third derivative of -1/24*d**4 + 0 - r*d**6 - 5/6*d**3 + 1/60*d**5 + 10*d**2 + 0*d. What is k(0)?
-5
Let i(j) = 3*j - 10. Let b(l) = -3*l**2 + l. Let a(z) = 4*z**2 - 19*z + 11. Let r(f) = -a(f) - 3*b(f). Let d be r(-4). Determine i(d).
5
Let m(o) be the third derivative of -o**5/60 - 11*o**4/12 - 15*o**3/2 + 1975*o**2. Determine m(-20).
-5
Let o(r) = 247*r**3 + 85*r**2 - 29*r - 126. Let c(s) = 17*s**3 + 6*s**2 - 2*s - 9. Let n(y) = -29*c(y) + 2*o(y). Give n(3).
0
Let s(a) = a**3 + 15*a**2 + 20*a + 14. Let g = -14656 + 14642. Calculate s(g).
-70
Let r(x) = 2*x. Let l be r(1). Let b(s) = 0 - 31*s**l + 2 + 12*s**2 + 8*s + 20*s**2. Calculate b(-6).
-10
Let j(u) be the third derivative of u**4/24 - u**3/2 - 40*u**2 - 1. What is j(10)?
7
Let i(y) = -2*y**2 + 6*y - 1. Let x(j) be the third derivative of -j**4/12 + j**3 + j**2. Let c be (32/(-4))/(-2) + (3 - 6). Let h be x(c). What is i(h)?
-9
Let j(s) = -s**3 + 36*s**2 + 119*s - 84. Suppose 5*q + 108 = 2*c, 16*c + 21 = 17*c + 3*q. Give j(c).
-6
Let l be 4/(-3)*(17/2 + -7). Let w(x) be the first derivative of -x**5/60 + 5*x**3/3 + 2. Let v(m) be the third derivative of w(m). Calculate v(l).
4
Let d(l) = -4*l - 79. Let j(o) = -3*o - 58. Let n(a) = 5*d(a) - 7*j(a). What is n(8)?
19
Let o(n) = n - 1. Suppose 5*g + 5*m - 20 = 0, m = g - m + 5. Let c(j) = 3*j + 3. Let z(d) = g*c(d) - 2*o(d). Determine z(-8).
-3
Let i(p) = 6*p - 1246 + 2523 - 1265. Give i(-4).
-12
Let z(c) be the second derivative of c**6/120 - c**5/6 - c**4/2 + 7*c**3/3 - 311*c**2/2 + 184*c. Let o(f) be the first derivative of z(f). Give o(11).
3
Let b = -118 - -120. Let z = 11 - 5. Suppose -b*q = -q - z. Let x(a) = a**2 - 7*a + 1. Give x(q).
-5
Let y(f) = -98*f**2 + 2. Suppose 16*g + 15*g - 1209 + 1240 = 0. Calculate y(g).
-96
Suppose -386*p - 10 = -387*p. Let j(a) = -a**3 + 12*a**2 - 19*a + 24. Calculate j(p).
34
Let k(m) be the first derivative of 6*m**4 + 2*m**3/3 - m**2/2 + 516. What is k(1)?
25
Suppose 0 = 5*a + 5*x + 95, 5*x - 13 = 3*a + 4. Let z be (-4)/(8/6) + 6*2. Let r = z + a. Let m(l) = -l**3 - 5*l**2 + 2*l + 5. What is m(r)?
-5
Let n(p) = 3*p - 11 + 25 - 10 - 3. What is n(-2)?
-5
Suppose 4*o - 2*b = -6, 21 = -534*b + 531*b. Let g(k) = 16*k + 86. What is g(o)?
6
Let g(m) = -1880*m - 3756. Let k be g(-2). Let b(y) be the first derivative of 0*y + 1/4*y**k + 0*y**2 - y**3 - 24. What is b(4)?
16
Let t(x) = -2*x**2 + 520*x - 12. Let k be t(0). Let d(b) = -b - 8. What is d(k)?
4
Let i = -503 - -728. Suppose 17*h - i = -8*h. Let r(x) = -x**3 + 9*x**2 + 2*x + 4. Give r(h).
22
Let i(g) = g**3 + 6*g**2. Let k be i(-6). Let f = k + 2. Let o(j) = -j**2 - f*j**2 - j**2 - j**3 + 1. Calculate o(-4).
1
Let z(d) be the third derivative of -d**5/60 + d**4/3 - d**3/3 - 196*d**2. Calculate z(8).
-2
Let x = -7650 - -7652. Suppose 3*z + 6 = 6*z. Suppose -3*j - 9 = 0, 4*w + z*j = 8*w - x. Let l(n) = 5*n. Determine l(w).
-5
Let s = 1 + -5. Let j(d) = 14*d + 4801. Let l(a) = -9*a - 3001. Let u(c) = -5*j(c) - 8*l(c). Calculate u(s).
-5
Let l be 17 - (26 + (-23 - -4)). Let r(i) = 4*i**2 - 45*i + 49. Calculate r(l).
-1
Let r = 11793 + -11799. Let m(a) = a + 1. Let j be m(2). Let h(l) = 4*l**2 + 2*l**3 - l**2 + 6 + 4*l**2 - l**j + 7*l. What is h(r)?
0
Let d(m) = 3*m - 10. Let k(q) = 1. Let j(s) = -1. Let l(w) = -5*j(w) - 6*k(w). Let i(v) = -d(v) + 4*l(v). Let h be i(3). Let r(t) = -4*t - 2. Determine r(h).
10
Let h = 7678 + -7654. Let v(o) = 1 - 23 - 4*o - 31 + 6*o. Give v(h).
-5
Let z(h) = h**2 - 2*h + 1. Let g(r) = 2*r**2 + 22*r - 4. Let m be g(-11). Let p(v) = 14*v + 58. Let d be p(m). Give z(d).
1
Let v(p) be the first derivative of -3/2*p**2 - 17*p - 59. What is v(-7)?
4
Suppose -3*t = -4*m - 428 - 55, 376 = -3*m + 5*t. Let z = m + 115. Let v(i) = i + 4. Determine v(z).
2
Let h(s) = -s**3 - 27*s**2 + 29*s + 22. Suppose 0 = -11988*v + 11981*v - 196. Calculate h(v).
-6
Let z = 68 + -67. Let x(f) = 264*f + f**2 + 3 - 529*f + 254*f - z. Give x(11).
2
Let q be (-24)/(-10)*(-10)/(-4). Let g(h) be the third derivative of -h**5/60 + h**4/3 - 4*h**3/3 + 11*h**2 + 21*h. Calculate g(q).
4
Let k(b) be the first derivative of -b**2/2 + 11*b - 3564. What is k(11)?
0
Let c(t) be the second derivative of t**8/6720 + t**7/360 + t**6/144 - t**5/30 + 35*t**4/3 - t + 75. Let g(v) be the third derivative of c(v). Determine g(-6).
2
Let z be 39/26*(-8)/(-6). Let a(m) = -254*m - m**2 + 255*m + 0*m**z. Let s(x) = -3*x**2 + 2. Let u(i) = -2*a(i) + s(i). Give u(-4).
-6
Let j = 2971 - 2976. Let i(g) = 9*g + 10. Calculate i(j).
-35
Let v(y) = 8*y + 17. Let q be v(5). Let r = 53 - q. Let z(m) = m**3 + 3*m**2 - 3*m - 1. What is z(r)?
-5
Suppose 5*d - 22 = -o + 10, 4*o = -2*d + 56. Let r(q) = -q**3 + 10*q**2 + 24*q - 23. What is r(o)?
-23
Let f = -37 - -36. Let y be ((-16)/48)/(f/(-33)). Let z(i) = -2*i - 25. Calculate z(y).
-3
Let q(r) = r + 1. Let g = 22 + 18. Let x = g + -38. Calculate q(x).
3
Let c(o) = -o + 9. Let l be c(4). Let w(i) = -2*i + 3*i**3 + 1 + 41*i**2 + 4*i**3 + 4*i - 37*i**2 - 8*i**3. Calculate w(l).
-14
Suppose -253 = 7*m - 37*m + 77. Let f(h) = h**3 - 10*h**2 - 15*h + 4. Determine f(m).
-40
Let k be (81/(-14) - (9 - 455/49))*-2. Let d(t) = -t + 16. Give d(k).
5
Suppose -136*l + 5*m + 56 = -139*l, 2*l + 3*m = -35. Let t(u) = u**3 + 9*u**2 + 25*u + 76. Give t(l).
-1
Let q(i) = i**3 + 4*i**2 + 3*i + 1. Let g be 4/(11 + 111/(-9)). Give q(g).
1
Let k(x) = x**3 - 6*x**2 + 3*x + 7. Let d be k(5). Suppose 12*o = -7*o - 76. Let i(w) = 3*w + 7. Let c(b) = b + 1. Let n(j) = o*c(j) + i(j). What is n(d)?
6
Suppose 5*g + 0 - 10 = 0. Let q(s) = 5*s + 32. Let a be q(-7). Let k(b) = -9*b - 9. Let f(o) = 26*o + 24. Let p(y) = a*f(y) - 8*k(y). Give p(g).
-12
Let b be 12/(-20) - (6 - 215/25). Let g(l) = -17*l**3 - 1 - 3*l**2 + 18*l**3 + 2*l**2 - l**b + 8*l**2. Let z be 1/(-2) + (-11)/2. What is g(z)?
-1
Let c be 3 + -2 + -1 + -1. Let b = 20 + -12. Let g(f) = -f + b + 6 - 15. Determine g(c).
0
Suppose 0 = 4*h - 10 + 6. Let c(g) = -6 + 528*g + 7*g**2 + 525*g + 13 - 1054*g - 7. Give c(h).
6
Let k(q) be the third derivative of q**4/6 + 7*q**3/3 - 2531*q**2. What is k(5)?
34
Let n(t) be the third derivative of t**5/120 - t**4/8 - t**3/2 + 66*t**2 + 2. Let s(r) be the first derivative of n(r). What is s(2)?
-1
Suppose -h - 3*f - 18 = 0, -545*f = 2*h - 547*f + 4. Let v(r) = -4*r**2 - 8*r + 6. What is v(h)?
-90
Let a(z) = 53*z + 16. Let h(r) = -133*r - 